et l be o(-2). Suppose -f = -5 - l. Let n = f + 2. What are the prime factors of n?
3, 5
Let d(v) = 14*v**2 - 2*v + 8. What are the prime factors of d(-4)?
2, 3, 5
Let w(i) = i**2 - 14*i - 15. What are the prime factors of w(18)?
3, 19
What are the prime factors of (-4)/(-10)*(-4665)/(-6)?
311
Let z = 97 + -55. What are the prime factors of z?
2, 3, 7
Let k = -18 + 20. Suppose 5*j + 5*c = c + 66, -k*c = -8. What are the prime factors of j?
2, 5
Suppose 43*r = 48*r. Let z be ((-12)/(-9))/((-2)/(-9)). Let h = z - r. List the prime factors of h.
2, 3
Suppose -2 = -r + 27. Suppose -3*g + 185 = r. What are the prime factors of g?
2, 13
Let n(s) = -5*s + 1. Let f(c) = c**3 - 7*c**2 + 7*c - 4. Let u be f(6). Suppose u*v + 4 = -0*v. What are the prime factors of n(v)?
11
Let p(m) = -m + 32. What are the prime factors of p(13)?
19
Suppose -8 = -3*v - v. Let l = -7 + 19. Suppose v*t - l = -4*x - 2, 0 = 5*t + x - 16. What are the prime factors of t?
3
Suppose -3*v + 2*t = -188, 2*t + 3*t - 119 = -2*v. List the prime factors of v.
2, 31
Let h(k) = -k - 4. Let p be h(-9). Let j(i) = 11*i - 10. List the prime factors of j(p).
3, 5
Let z(j) = -5*j**3 - 2*j + 7. List the prime factors of z(-3).
2, 37
Let i = 13 - -7. List the prime factors of i.
2, 5
Let s(n) = -43*n + 1. List the prime factors of s(-1).
2, 11
Suppose -3*i - 2*i = 0. Let l(s) = s**2 - s + 3. List the prime factors of l(i).
3
Suppose -4 + 12 = -2*j. Let p(c) = -c**3 - 3*c**2 + 3*c - 1. Let r be p(j). Suppose -5*d = 3*u - 50, 41 = r*u - 4*d - 0*d. List the prime factors of u.
3, 5
Suppose 3*i = -l + i + 85, -5*l + 425 = -2*i. What are the prime factors of l?
5, 17
Let r = 253 - 73. Suppose -5*t + 0*t + r = 0. What are the prime factors of t?
2, 3
Suppose -15*s = 91 - 556. What are the prime factors of s?
31
Let m = 145 - 66. What are the prime factors of m?
79
Let x(g) = 5*g + 5 - 4*g + 0*g. List the prime factors of x(8).
13
Let g(c) = 4*c**2 + 15*c - 4. List the prime factors of g(-7).
3, 29
Let q = -1 + 5. Suppose -2*m = -0*s + 3*s - 4, 3*m - 4 = -q*s. List the prime factors of (-2)/4 + (-14)/m.
3
Let c(z) = -z**2 - 20*z. List the prime factors of c(-17).
3, 17
Suppose 2*p = -3*s + 240, -111 = -3*s - 3*p + 129. List the prime factors of s.
2, 5
Let d(n) = n**2 + 2*n - 1. Let g be 0 + 0/3 - -1. Let s be d(g). Suppose 0*k + 58 = 4*c - s*k, 0 = -4*c - 4*k + 28. What are the prime factors of c?
2, 3
Let a(m) = m**3 - 9*m**2. Let l be a(9). Suppose 5*v - 70 = -l*v. What are the prime factors of v?
2, 7
What are the prime factors of 1296/60 - (-4)/10?
2, 11
Let n(p) = 0*p - p**2 + 2*p**2 + 2 + 2*p. Let s(t) = t + 1. Let j be s(-3). List the prime factors of n(j).
2
Suppose 0 = h - 5*c + 2*c + 2, h + 7 = -2*c. Let y = h + 11. What are the prime factors of y?
2, 3
Let y be -1*3 - (-7 - -1). Suppose 3*l - 2*l = 30. Suppose 0 = -5*c + y*c + l. List the prime factors of c.
3, 5
Suppose 30 = 2*o + 4*f - 0*f, 3*o = -f + 20. Suppose a + 184 = o*a. What are the prime factors of a?
2, 23
Let k(z) = -4*z**2 + z + 1. Let g be (6/4)/(3/(-4)). Let w be k(g). Let c = -9 - w. List the prime factors of c.
2
Suppose 2*l + 28 = 3*w - 4*w, -2*l - 3*w = 36. What are the prime factors of (32/(-12))/(8/l)?
2
Let u = 430 - 198. List the prime factors of u.
2, 29
Let a(y) = y**2 - 5*y - 8. Let v be 2/(-7) - 44/(-7). Let r be a(v). List the prime factors of 2/4*(10 - r).
2, 3
Let q = 537 + -227. What are the prime factors of q/5*1/2?
31
Let k(j) = j**2 + j - 18. Let f be k(0). What are the prime factors of (-2)/(-9) + (-356)/f?
2, 5
Let x = -24 - -36. Let r = x + -2. Let w = r - 6. What are the prime factors of w?
2
Let g(h) = -11*h - 2. Let m be g(-2). Let d be m + ((-3)/(-1) - 4). Suppose -l = 2*r + 2*l - d, -5*r + 37 = -3*l. List the prime factors of r.
2
Let i(h) = -h**2 + 13*h - 3. Let b(c) = c**2 + 6*c - 5. Let v be (32/(-20))/(1/5). Let q be b(v). What are the prime factors of i(q)?
19
Let p = 14 + 167. Suppose 5*c = -0*v - 3*v + p, 6 = 3*v. What are the prime factors of c?
5, 7
Let o(c) = 7*c + 18. Let h(w) = w. Let r(m) = -6*h(m) + o(m). Suppose -s = -5*a - 37, 0 = 3*a - 0*s + 2*s + 30. What are the prime factors of r(a)?
2, 5
Suppose 5*b - 289 = -2*c + 6*b, 3*c + 3*b = 447. What are the prime factors of c?
2, 73
Suppose -5*x = -x + 20. Let k = x - -7. List the prime factors of k.
2
Suppose -80 + 25 = -2*m - 5*t, 2*m = -4*t + 58. What are the prime factors of m?
5, 7
Suppose -2*g + g = 0. Suppose 0 = -g*h + 3*h - 6. List the prime factors of (9 - h)*(1 + 0).
7
List the prime factors of (-4)/6 - (-40)/6.
2, 3
Let r(y) = y + 9. What are the prime factors of r(6)?
3, 5
Suppose -2*c = -j + 5 + 28, 0 = -2*j + 5*c + 67. List the prime factors of j.
31
Let h(l) = l**3 + 10*l**2 + 9*l + 1. Let s be (-9)/(1 - 0 - 0). Let j be h(s). List the prime factors of 1 + (j - (-10 - 0)).
2, 3
Suppose -3*d = -8 + 2. List the prime factors of d.
2
Let g be -3 + 4/((-8)/(-10)). Suppose 5*n - 5*l - 200 = -2*l, -4*n = 3*l - 160. Suppose -g*b + n = 2*b. List the prime factors of b.
2, 5
Suppose 0 = -5*j - 4*b + 184, 0*b - 38 = -j - 2*b. What are the prime factors of j?
2, 3
Let q(y) = 32*y**2 + y - 1. Let l be q(1). Let g = l - 11. Suppose -w + 2*b = 2 + 1, -g = -5*w - 2*b. List the prime factors of w.
3
Let k(u) = 2 - 4 + 7*u + 2*u**2 + 1. Let f be ((-5)/4)/((-1)/(-4)). What are the prime factors of k(f)?
2, 7
Suppose -5*v + 10 + 15 = 0. Let t(d) = d. Let s be t(v). Suppose -5*n - s*q - 3 + 38 = 0, 3*q + 34 = 2*n. List the prime factors of n.
11
Let b(p) = 4*p + 6. Suppose -12 = -2*i - 0. What are the prime factors of b(i)?
2, 3, 5
List the prime factors of -3 - 168/(2 + -6).
3, 13
Let h(k) = -k. Let w(a) = -a**2 + 11*a - 4. Let x(i) = 3*h(i) + w(i). List the prime factors of x(6).
2
Suppose -4*i + 4*h + 732 = 0, -4*i + 5*h + 310 = -422. Suppose -4*r + i = 15. List the prime factors of r.
2, 3, 7
Let j be (-6)/(-33) - (-20)/11. List the prime factors of -1 + (6 - 0) + j.
7
Suppose 5*t = -10, 2*q - 5*t - 6 = -0*t. Let z be (-94)/(-10) - q/(-5). Suppose -3 = 3*k - z, -j + 2 = -k. List the prime factors of j.
2
Let r(w) = -w**3 + 4*w**2 + 23*w - 4. What are the prime factors of r(5)?
2, 43
Let k = -8 - -12. Let w = k + 4. List the prime factors of w.
2
Let o(t) = 3*t - 10. Let q be o(7). Let w = 13 - -7. Let c = w - q. List the prime factors of c.
3
Let d = -10 - -35. Let y be (34/6)/((-2)/(-6)). Let q = d - y. List the prime factors of q.
2
Suppose -2*l - 10 = -3*l. Suppose i + 348 = 7*i. What are the prime factors of i/6 + l/(-15)?
3
Suppose 24 = 3*x - 0*x. List the prime factors of (-6)/4 + 76/x.
2
Suppose 2*b + 12 = -2*f, -5*b + 5*f = -4*b - 12. Let n = 8 + b. List the prime factors of n.
5
Let i be 2/(-7) - 401/(-7). Let a = i + -30. What are the prime factors of a?
3
Suppose -5*i + 2*h = h - 15, -4*h + 40 = 5*i. Suppose -5*r - 9 - 21 = -2*j, -3*j - i*r = -45. List the prime factors of j.
3, 5
Let g = -5 + 11. Let t be 3/2 + g/(-4). Let b(w) = -w + 5. What are the prime factors of b(t)?
5
Suppose -2*r + 6*r = 720. Suppose -42 = 3*l - r. What are the prime factors of l?
2, 23
Let b = 14 - 8. Suppose -3*j + 16 = -4*h, -8 = -b*h + 2*h. List the prime factors of j.
2
Let v(k) = k**2 - 9*k - 4. List the prime factors of v(10).
2, 3
Suppose -2*c = 3*u - 116, 0*c - 68 = -c + u. Let q(f) = f**2 - 4*f - 7. Let z be q(6). Suppose 0 = z*a - c + 14. List the prime factors of a.
2, 5
Suppose -50 = -5*f - 5*j, 2*f = j + 30 + 2. What are the prime factors of 3 + 0 + 5 + f?
2, 11
Let k(x) = 2*x + 8 + 4*x**2 - 2*x**2 - x - x**2 + x**3. Let n be (0*1/(-3))/1. What are the prime factors of k(n)?
2
Suppose 8*i - 98 = 206. List the prime factors of i.
2, 19
Suppose -1 = c + 3. Let y(q) = -q**3 - 3*q**2 + 3*q + 1. Let f be y(c). Suppose 2*i + 12 = f*i. What are the prime factors of i?
2
Let t(n) = -1 + 2*n - 6*n + 21*n. Let r(f) = -f**3 - 7*f**2 - 5*f + 7. Let g be r(-6). List the prime factors of t(g).
2
What are the prime factors of ((-2)/4)/1 + (-266)/(-4)?
2, 3, 11
Let i(y) = -y**3 + 11*y**2 + 4*y - 3. What are the prime factors of i(11)?
41
Let c = -13 + 6. Let i = 9 - c. List the prime factors of i.
2
Let h(n) = -57*n**3 + n**2 + 2*n + 1. Let o be h(-1). Suppose 3*i = 6*i - o. Suppose -4*g + i + 11 = 2*f, 4*f + g - 46 = 0. What are the prime fact